{"id":5,"date":"2015-04-08T21:31:44","date_gmt":"2015-04-08T21:31:44","guid":{"rendered":"http:\/\/yogasophrologietaichi.wordpress.com\/?page_id=1"},"modified":"2026-03-10T14:33:33","modified_gmt":"2026-03-10T14:33:33","slug":"a-propos","status":"publish","type":"page","link":"https:\/\/www.yoga-sophrologie-taichi.fr\/newindex.php\/","title":{"rendered":"Accueil"},"content":{"rendered":"\n<div class=\"wp-block-columns is-layout-flex wp-container-core-columns-is-layout-9d6595d7 wp-block-columns-is-layout-flex\">\n<div class=\"wp-block-column is-layout-flow wp-block-column-is-layout-flow\">\n<h3 class=\"wp-block-heading\">Qui sommes-nous ?<\/h3>\n\n\n\n<p class=\"has-text-align-left\">Notre association (loi 1901), cr\u00e9\u00e9e \u00e0 la suite de la section yoga de l&rsquo;ASMSA en 2006 est agr\u00e9\u00e9e par la Jeunesse et les Sports. Affili\u00e9e \u00e0 la FFHY (F\u00e9d\u00e9ration Fran\u00e7aise de Hatha Yoga) et la FFK (F\u00e9d\u00e9ration Fran\u00e7aise de Karat\u00e9).<br>Elle est ouverte \u00e0 tous ceux, jeunes ou moins jeunes, de Mont-Saint-Aignan ou habitants proches de l\u2019agglom\u00e9ration rouennaise (76), qui souhaitent pratiquer une activit\u00e9 de bien-\u00eatre .<\/p>\n<\/div>\n\n\n\n<div class=\"wp-block-column is-layout-flow wp-block-column-is-layout-flow\">\n<h3 class=\"wp-block-heading\">Calendrier 2025-26 \u00e0 venir<\/h3>\n\n\n\n<ul class=\"wp-block-list\">\n<li><em>Vendredi 29 mai <\/em> : Gymnase Camus. Adh\u00e9rents, venez d\u00e9couvrir  les pratiques des autres cours. Dur\u00e9e 1h environ<\/li>\n\n\n\n<li><em>Dimanche 7 juin <\/em> : Les \u00ab <strong>Rencontres Normandes d\u2019Arts Martiaux Energ\u00e9tiques Chinois<\/strong> \u00bbauront lieu au Gymnase Alain Calmat \u00e0 CANTELEU en collaboration avec l&rsquo;association <strong>LA FILLE DE JADE<\/strong>.<\/li>\n<\/ul>\n\n\n\n<p><\/p>\n<\/div>\n<\/div>\n\n\n\n<h2 class=\"wp-block-heading\">Actualit\u00e9s<\/h2>\n\n\n\n<ul class=\"wp-block-list\">\n<li><strong>Les inscriptions aux cours pour l&rsquo;ann\u00e9e 2025-26 <mark style=\"background-color:rgba(0, 0, 0, 0)\" class=\"has-inline-color has-accent-color\">seront ouvertes mercredi 9 juillet<\/mark><\/strong>.<\/li>\n\n\n\n<li><strong>Les inscriptions aux ateliers seront ouvertes le 1er septembre 2025<\/strong><\/li>\n<\/ul>\n\n\n\n<div class=\"wp-block-columns is-layout-flex wp-container-core-columns-is-layout-9d6595d7 wp-block-columns-is-layout-flex\">\n<div class=\"wp-block-column is-layout-flow wp-block-column-is-layout-flow\">\n<h3 class=\"wp-block-heading\">Que proposons-nous ?<\/h3>\n\n\n\n<p class=\"has-text-align-center has-regular-font-size\"><strong>Des cours hebdomadaires<\/strong><\/p>\n\n\n\n<p>Tout au long de la semaine et pendant l&rsquo;ann\u00e9e scolaire : nous proposons pour les adh\u00e9rents, 21 cours hebdomadaires de 1h30 dans les disciplines suivantes : Yoga, Tai Ji Quan, Qi Gong, M\u00e9ditation, Sophrologie.<br>voir la page des <strong><a rel=\"noreferrer noopener\" href=\"https:\/\/www.yoga-sophrologie-taichi.fr\/newindex.php\/horaires-de-rentree\/\" data-type=\"page\" data-id=\"1608\" target=\"_blank\">horaires<\/a><\/strong>, et la page des <strong><a rel=\"noreferrer noopener\" href=\"https:\/\/www.yoga-sophrologie-taichi.fr\/newindex.php\/inscriptions\/\" data-type=\"URL\" data-id=\"https:\/\/www.yoga-sophrologie-taichi.fr\/newindex.php\/inscriptions\/\" target=\"_blank\">tarifs<\/a> <\/strong><\/p>\n<\/div>\n<\/div>\n\n\n\n<p class=\"has-text-align-center has-regular-font-size\"><strong>Des ateliers de week-end<\/strong><\/p>\n\n\n\n<p>Des <strong>ateliers du samedi<\/strong> sont propos\u00e9s pour faire d\u00e9couvrir nos activit\u00e9s \u00e0 un large public ou pour se perfectionner dans un domaine.<\/p>\n\n\n\n<p>Des <strong>ateliers de yoga parent-enfant<\/strong> et <strong>adolescents<\/strong> sont propos\u00e9s par Roberte le samedi lors d&rsquo;un cycle de 9 ateliers (3 par trimestre). Inscriptions sur la page \u00ab\u00a0<strong><a href=\"https:\/\/www.yoga-sophrologie-taichi.fr\/newindex.php\/ateliers-2\/\" data-type=\"page\" data-id=\"924\" target=\"_blank\" rel=\"noreferrer noopener\">ATELIERS<\/a><\/strong>\u00ab\u00a0.<\/p>\n\n\n\n<p class=\"has-text-align-center\"><strong>Des documents audiovisuels sur nos activit\u00e9s<\/strong><\/p>\n\n\n\n<p>De nombreuses vid\u00e9os et des articles d\u00e9crivant nos disciplines sont disponibles par le menu <strong>Vie&amp;Docs<\/strong>.&nbsp; &nbsp;<\/p>\n\n\n\n<h3 class=\"wp-block-heading has-larger-font-size\">Nos professeurs<\/h3>\n\n\n\n<p><strong>Neuf professeurs dipl\u00f4m\u00e9s<\/strong> (<a rel=\"noreferrer noopener\" href=\"https:\/\/www.yoga-sophrologie-taichi.fr\/newindex.php\/contacts\/\" target=\"_blank\">voir contacts<\/a>) vous proposent des <a href=\"https:\/\/www.yoga-sophrologie-taichi.fr\/newindex.php\/horaires-de-rentree\/\" target=\"_blank\" rel=\"noreferrer noopener\">cours \u00e0 diff\u00e9rentes heures de la semaine<\/a> pendant la dur\u00e9e de l\u2019ann\u00e9e scolaire.<\/p>\n\n\n\n<p><img loading=\"lazy\" decoding=\"async\" width=\"800\" height=\"407\" class=\"wp-image-2353\" style=\"width: 800px;\" src=\"http:\/\/www.yoga-sophrologie-taichi.fr\/wp-content\/uploads\/2022\/07\/profs.jpg\" alt=\"\" srcset=\"https:\/\/www.yoga-sophrologie-taichi.fr\/wp-content\/uploads\/2022\/07\/profs.jpg 1406w, https:\/\/www.yoga-sophrologie-taichi.fr\/wp-content\/uploads\/2022\/07\/profs-300x153.jpg 300w, https:\/\/www.yoga-sophrologie-taichi.fr\/wp-content\/uploads\/2022\/07\/profs-1024x521.jpg 1024w, https:\/\/www.yoga-sophrologie-taichi.fr\/wp-content\/uploads\/2022\/07\/profs-768x391.jpg 768w, https:\/\/www.yoga-sophrologie-taichi.fr\/wp-content\/uploads\/2022\/07\/profs-676x344.jpg 676w\" sizes=\"auto, (max-width: 800px) 100vw, 800px\" \/><\/p>\n\n\n\n<p class=\"has-text-align-center has-small-font-size\"><em>Nos professeurs (photo juin 2022)<\/em><br><em>De gauche \u00e0 droite : <em>Sa\u00efd<\/em>(Qi Gong, Ta\u00ef Ji)<\/em>, <em>Marie-H\u00e9l\u00e8ne (Yoga), Roberte (Yoga enfants), Marie-Th\u00e9r\u00e8se (Yoga, M\u00e9ditation),  <em>Pierre<\/em> (Ta\u00ef Ji), <em>Sylvie<\/em> (Ta\u00ef Ji)<\/em>, <em>Joanne (Yoga), St\u00e9phanie (yoga), Sophie (Sophrologie)  <\/em><\/p>\n\n\n\n<p><a href=\"https:\/\/www.yoga-sophrologie-taichi.fr\/wp-content\/uploads\/2025\/07\/IMG_8208-scaled.jpg\">Photo du 27 juin 2025<\/a><\/p>\n\n\n\n<p><a href=\"https:\/\/www.yoga-sophrologie-taichi.fr\/newindex.php\/repas-du-5-juillet-2024\/\" data-type=\"link\" data-id=\"https:\/\/www.yoga-sophrologie-taichi.fr\/newindex.php\/repas-du-5-juillet-2024\/\">Photo du 5 juillet 2024<\/a><\/p>\n\n\n\n<p><\/p>\n\n\n\n<h3 class=\"wp-block-heading has-larger-font-size\">Le Conseil d&rsquo;Administration<\/h3>\n\n\n\n<p>L\u2019association est g\u00e9r\u00e9e par un <strong>Conseil d\u2019Administration form\u00e9 de b\u00e9n\u00e9voles de l&rsquo;association<\/strong>. Cette ann\u00e9e il se compose de 6 personnes. Il est renouvel\u00e9 par tiers tous les ans lors de l\u2019assembl\u00e9e g\u00e9n\u00e9rale.<\/p>\n\n\n\n<figure class=\"wp-block-image size-large\"><a href=\"https:\/\/www.yoga-sophrologie-taichi.fr\/wp-content\/uploads\/2025\/07\/CA_2025.jpg\"><img loading=\"lazy\" decoding=\"async\" width=\"1024\" height=\"715\" src=\"https:\/\/www.yoga-sophrologie-taichi.fr\/wp-content\/uploads\/2025\/07\/CA_2025-1024x715.jpg\" alt=\"\" class=\"wp-image-2873\" srcset=\"https:\/\/www.yoga-sophrologie-taichi.fr\/wp-content\/uploads\/2025\/07\/CA_2025-1024x715.jpg 1024w, https:\/\/www.yoga-sophrologie-taichi.fr\/wp-content\/uploads\/2025\/07\/CA_2025-300x210.jpg 300w, https:\/\/www.yoga-sophrologie-taichi.fr\/wp-content\/uploads\/2025\/07\/CA_2025-768x536.jpg 768w, https:\/\/www.yoga-sophrologie-taichi.fr\/wp-content\/uploads\/2025\/07\/CA_2025-1536x1073.jpg 1536w, https:\/\/www.yoga-sophrologie-taichi.fr\/wp-content\/uploads\/2025\/07\/CA_2025-676x472.jpg 676w, https:\/\/www.yoga-sophrologie-taichi.fr\/wp-content\/uploads\/2025\/07\/CA_2025.jpg 1662w\" sizes=\"auto, (max-width: 1024px) 100vw, 1024px\" \/><\/a><figcaption class=\"wp-element-caption\">Membres b\u00e9n\u00e9voles du CA 2025,  <em>de gauche \u00e0 droite :<\/em><br>Chantal Houdart (Administratrice, monitrice b\u00e9n\u00e9vole Tai Ji), <em>Annick Le Meur (Administratrice), <em>Martine Lamalle (Tr\u00e9sori\u00e8re), Isabelle Edin-Klaes (Pr\u00e9sidente), Michel Esnault (Secr\u00e9taire),<\/em>Patrice Langlois (Vice-pr\u00e9sident).<\/em><\/figcaption><\/figure>\n\n\n\n<p><\/p>\n","protected":false},"excerpt":{"rendered":"<p>Qui sommes-nous ? Notre association (loi 1901), cr\u00e9\u00e9e \u00e0 la suite de la section yoga de l&rsquo;ASMSA en 2006 est agr\u00e9\u00e9e par la Jeunesse et les Sports. Affili\u00e9e \u00e0 la FFHY (F\u00e9d\u00e9ration Fran\u00e7aise de Hatha Yoga) et la FFK (F\u00e9d\u00e9ration Fran\u00e7aise de Karat\u00e9).Elle est ouverte \u00e0 tous ceux, jeunes ou moins jeunes, de Mont-Saint-Aignan ou [&hellip;]<\/p>\n","protected":false},"author":2,"featured_media":0,"parent":0,"menu_order":0,"comment_status":"closed","ping_status":"closed","template":"","meta":{"footnotes":""},"class_list":["post-5","page","type-page","status-publish","hentry","post-preview"],"_links":{"self":[{"href":"https:\/\/www.yoga-sophrologie-taichi.fr\/newindex.php\/wp-json\/wp\/v2\/pages\/5","targetHints":{"allow":["GET"]}}],"collection":[{"href":"https:\/\/www.yoga-sophrologie-taichi.fr\/newindex.php\/wp-json\/wp\/v2\/pages"}],"about":[{"href":"https:\/\/www.yoga-sophrologie-taichi.fr\/newindex.php\/wp-json\/wp\/v2\/types\/page"}],"author":[{"embeddable":true,"href":"https:\/\/www.yoga-sophrologie-taichi.fr\/newindex.php\/wp-json\/wp\/v2\/users\/2"}],"replies":[{"embeddable":true,"href":"https:\/\/www.yoga-sophrologie-taichi.fr\/newindex.php\/wp-json\/wp\/v2\/comments?post=5"}],"version-history":[{"count":157,"href":"https:\/\/www.yoga-sophrologie-taichi.fr\/newindex.php\/wp-json\/wp\/v2\/pages\/5\/revisions"}],"predecessor-version":[{"id":2940,"href":"https:\/\/www.yoga-sophrologie-taichi.fr\/newindex.php\/wp-json\/wp\/v2\/pages\/5\/revisions\/2940"}],"wp:attachment":[{"href":"https:\/\/www.yoga-sophrologie-taichi.fr\/newindex.php\/wp-json\/wp\/v2\/media?parent=5"}],"curies":[{"name":"wp","href":"https:\/\/api.w.org\/{rel}","templated":true}]}}

<div class="wp-block-columns is-layout-flex wp-container-core-columns-is-layout-9d6595d7 wp-block-columns-is-layout-flex">
<div class="wp-block-column is-layout-flow wp-block-column-is-layout-flow">
<h3 class="wp-block-heading">Qui sommes-nous ?</h3>



<p class="has-text-align-left">Notre association (loi 1901), créée à la suite de la section yoga de l&rsquo;ASMSA en 2006 est agréée par la Jeunesse et les Sports. Affiliée à la FFHY (Fédération Française de Hatha Yoga) et la FFK (Fédération Française de Karaté).<br>Elle est ouverte à tous ceux, jeunes ou moins jeunes, de Mont-Saint-Aignan ou habitants proches de l’agglomération rouennaise (76), qui souhaitent pratiquer une activité de bien-être .</p>
</div>



<div class="wp-block-column is-layout-flow wp-block-column-is-layout-flow">
<h3 class="wp-block-heading">Calendrier 2025-26 à venir</h3>



<ul class="wp-block-list">
<li><em>Vendredi 29 mai </em> : Gymnase Camus. Adhérents, venez découvrir  les pratiques des autres cours. Durée 1h environ</li>



<li><em>Dimanche 7 juin </em> : Les « <strong>Rencontres Normandes d’Arts Martiaux Energétiques Chinois</strong> »auront lieu au Gymnase Alain Calmat à CANTELEU en collaboration avec l&rsquo;association <strong>LA FILLE DE JADE</strong>.</li>
</ul>



<p></p>
</div>
</div>



<h2 class="wp-block-heading">Actualités</h2>



<ul class="wp-block-list">
<li><strong>Les inscriptions aux cours pour l&rsquo;année 2025-26 <mark style="background-color:rgba(0, 0, 0, 0)" class="has-inline-color has-accent-color">seront ouvertes mercredi 9 juillet</mark></strong>.</li>



<li><strong>Les inscriptions aux ateliers seront ouvertes le 1er septembre 2025</strong></li>
</ul>



<div class="wp-block-columns is-layout-flex wp-container-core-columns-is-layout-9d6595d7 wp-block-columns-is-layout-flex">
<div class="wp-block-column is-layout-flow wp-block-column-is-layout-flow">
<h3 class="wp-block-heading">Que proposons-nous ?</h3>



<p class="has-text-align-center has-regular-font-size"><strong>Des cours hebdomadaires</strong></p>



<p>Tout au long de la semaine et pendant l&rsquo;année scolaire : nous proposons pour les adhérents, 21 cours hebdomadaires de 1h30 dans les disciplines suivantes : Yoga, Tai Ji Quan, Qi Gong, Méditation, Sophrologie.<br>voir la page des <strong><a rel="noreferrer noopener" href="https://www.yoga-sophrologie-taichi.fr/newindex.php/horaires-de-rentree/" data-type="page" data-id="1608" target="_blank">horaires</a></strong>, et la page des <strong><a rel="noreferrer noopener" href="https://www.yoga-sophrologie-taichi.fr/newindex.php/inscriptions/" data-type="URL" data-id="https://www.yoga-sophrologie-taichi.fr/newindex.php/inscriptions/" target="_blank">tarifs</a> </strong></p>
</div>
</div>



<p class="has-text-align-center has-regular-font-size"><strong>Des ateliers de week-end</strong></p>



<p>Des <strong>ateliers du samedi</strong> sont proposés pour faire découvrir nos activités à un large public ou pour se perfectionner dans un domaine.</p>



<p>Des <strong>ateliers de yoga parent-enfant</strong> et <strong>adolescents</strong> sont proposés par Roberte le samedi lors d&rsquo;un cycle de 9 ateliers (3 par trimestre). Inscriptions sur la page « <strong><a href="https://www.yoga-sophrologie-taichi.fr/newindex.php/ateliers-2/" data-type="page" data-id="924" target="_blank" rel="noreferrer noopener">ATELIERS</a></strong>« .</p>



<p class="has-text-align-center"><strong>Des documents audiovisuels sur nos activités</strong></p>



<p>De nombreuses vidéos et des articles décrivant nos disciplines sont disponibles par le menu <strong>Vie&amp;Docs</strong>.&nbsp; &nbsp;</p>



<h3 class="wp-block-heading has-larger-font-size">Nos professeurs</h3>



<p><strong>Neuf professeurs diplômés</strong> (<a rel="noreferrer noopener" href="https://www.yoga-sophrologie-taichi.fr/newindex.php/contacts/" target="_blank">voir contacts</a>) vous proposent des <a href="https://www.yoga-sophrologie-taichi.fr/newindex.php/horaires-de-rentree/" target="_blank" rel="noreferrer noopener">cours à différentes heures de la semaine</a> pendant la durée de l’année scolaire.</p>



<p><img loading="lazy" decoding="async" width="800" height="407" class="wp-image-2353" style="width: 800px;" src="http://www.yoga-sophrologie-taichi.fr/wp-content/uploads/2022/07/profs.jpg" alt="" srcset="https://www.yoga-sophrologie-taichi.fr/wp-content/uploads/2022/07/profs.jpg 1406w, https://www.yoga-sophrologie-taichi.fr/wp-content/uploads/2022/07/profs-300x153.jpg 300w, https://www.yoga-sophrologie-taichi.fr/wp-content/uploads/2022/07/profs-1024x521.jpg 1024w, https://www.yoga-sophrologie-taichi.fr/wp-content/uploads/2022/07/profs-768x391.jpg 768w, https://www.yoga-sophrologie-taichi.fr/wp-content/uploads/2022/07/profs-676x344.jpg 676w" sizes="auto, (max-width: 800px) 100vw, 800px" /></p>



<p class="has-text-align-center has-small-font-size"><em>Nos professeurs (photo juin 2022)</em><br><em>De gauche à droite : <em>Saïd</em>(Qi Gong, Taï Ji)</em>, <em>Marie-Hélène (Yoga), Roberte (Yoga enfants), Marie-Thérèse (Yoga, Méditation),  <em>Pierre</em> (Taï Ji), <em>Sylvie</em> (Taï Ji)</em>, <em>Joanne (Yoga), Stéphanie (yoga), Sophie (Sophrologie)  </em></p>



<p><a href="https://www.yoga-sophrologie-taichi.fr/wp-content/uploads/2025/07/IMG_8208-scaled.jpg">Photo du 27 juin 2025</a></p>



<p><a href="https://www.yoga-sophrologie-taichi.fr/newindex.php/repas-du-5-juillet-2024/" data-type="link" data-id="https://www.yoga-sophrologie-taichi.fr/newindex.php/repas-du-5-juillet-2024/">Photo du 5 juillet 2024</a></p>



<p></p>



<h3 class="wp-block-heading has-larger-font-size">Le Conseil d&rsquo;Administration</h3>



<p>L’association est gérée par un <strong>Conseil d’Administration formé de bénévoles de l&rsquo;association</strong>. Cette année il se compose de 6 personnes. Il est renouvelé par tiers tous les ans lors de l’assemblée générale.</p>



<figure class="wp-block-image size-large"><a href="https://www.yoga-sophrologie-taichi.fr/wp-content/uploads/2025/07/CA_2025.jpg"><img loading="lazy" decoding="async" width="1024" height="715" src="https://www.yoga-sophrologie-taichi.fr/wp-content/uploads/2025/07/CA_2025-1024x715.jpg" alt="" class="wp-image-2873" srcset="https://www.yoga-sophrologie-taichi.fr/wp-content/uploads/2025/07/CA_2025-1024x715.jpg 1024w, https://www.yoga-sophrologie-taichi.fr/wp-content/uploads/2025/07/CA_2025-300x210.jpg 300w, https://www.yoga-sophrologie-taichi.fr/wp-content/uploads/2025/07/CA_2025-768x536.jpg 768w, https://www.yoga-sophrologie-taichi.fr/wp-content/uploads/2025/07/CA_2025-1536x1073.jpg 1536w, https://www.yoga-sophrologie-taichi.fr/wp-content/uploads/2025/07/CA_2025-676x472.jpg 676w, https://www.yoga-sophrologie-taichi.fr/wp-content/uploads/2025/07/CA_2025.jpg 1662w" sizes="auto, (max-width: 1024px) 100vw, 1024px" /></a><figcaption class="wp-element-caption">Membres bénévoles du CA 2025,  <em>de gauche à droite :</em><br>Chantal Houdart (Administratrice, monitrice bénévole Tai Ji), <em>Annick Le Meur (Administratrice), <em>Martine Lamalle (Trésorière), Isabelle Edin-Klaes (Présidente), Michel Esnault (Secrétaire),</em>Patrice Langlois (Vice-président).</em></figcaption></figure>



<p></p>

<p>Qui sommes-nous ? Notre association (loi 1901), créée à la suite de la section yoga de l&rsquo;ASMSA en 2006 est agréée par la Jeunesse et les Sports. Affiliée à la FFHY (Fédération Française de Hatha Yoga) et la FFK (Fédération Française de Karaté).Elle est ouverte à tous ceux, jeunes ou moins jeunes, de Mont-Saint-Aignan ou [&hellip;]</p>
