{"id":18,"date":"2015-04-09T20:58:43","date_gmt":"2015-04-09T20:58:43","guid":{"rendered":"https:\/\/yogasophrologietaichi.wordpress.com\/?page_id=18"},"modified":"2022-07-04T09:41:56","modified_gmt":"2022-07-04T09:41:56","slug":"tarifs","status":"publish","type":"page","link":"https:\/\/www.yoga-sophrologie-taichi.fr\/newindex.php\/tarifs\/","title":{"rendered":"Tarifs"},"content":{"rendered":"<h3 style=\"text-align: left;\" align=\"center\">Principes<\/h3>\n<ul>\n<li>Le paiement de la cotisation annuelle d\u2019adh\u00e9sion \u00e0 l\u2019association est obligatoire et est s\u00e9par\u00e9e du prix des cours.<\/li>\n<li>Chaque adh\u00e9rent s\u2019inscrit <strong>pour l\u2019ann\u00e9e<\/strong> \u00e0 un ou plusieurs cours.<\/li>\n<li>Un cours est constitu\u00e9 d&rsquo;une s\u00e9ance de 1h30 par semaine anim\u00e9 par un professeur de l&rsquo;association selon sa sp\u00e9cialit\u00e9 (Yoga, Sophrologie, Ta\u00ef Ji Quan ou de Qi Gong).<\/li>\n<li>Il n&rsquo;y a pas de cours pendant les vacances scolaires ni les jours f\u00e9ri\u00e9s.<\/li>\n<li>Les tarifs comprennent des <strong>r\u00e9ductions<\/strong>:\n<ul>\n<li>\u00e0 partir du deuxi\u00e8me cours<\/li>\n<li>Lorsque plusieurs personnes d&rsquo;une m\u00eame famille (conjoint, enfant \u00e0 charge, habitants sous le m\u00eame toit) s&rsquo;inscrivent, une r\u00e9duction est appliqu\u00e9e au premier cours auquel la famille s&rsquo;inscrit.<\/li>\n<\/ul>\n<\/li>\n<li>Le paiement s&rsquo;effectue par carte bancaire en totalit\u00e9 lors de l&rsquo;inscription en ligne, mais les d\u00e9bits peuvent \u00eatre fractionn\u00e9s \u00e0 3 mensualit\u00e9s successives<\/li>\n<li>Si vous ne pouvez pas payer par carte bancaire, parlez-en \u00e0 votre professeur.<\/li>\n<li>Il y a une r\u00e9duction pour les inscriptions en cours d&rsquo;ann\u00e9e: \u00e0 partir du 1er janvier : r\u00e9duction de 1 trimestre de cours. Apr\u00e8s les vacances de P\u00e2ques : r\u00e9duction de 2 trimestres de cours. Le prix de la cotisation annuelle reste fixe, quelle que soit la date d&rsquo;inscription.<\/li>\n<li>Un remboursement en cours d&rsquo;ann\u00e9e ne peut avoir lieu que pour des cas exceptionnels, (maladie, d\u00e9m\u00e9nagement, etc.) avec documents justificatifs. Le montant de la cotisation \u00e0 l&rsquo;association n&rsquo;est pas remboursable ni le trimestre en cours ou ceux pass\u00e9s.<\/li>\n<\/ul>\n<p align=\"left\"><a href=\"http:\/\/www.yoga-sophrologie-taichi.fr\/wp-content\/uploads\/2015\/06\/petite-separation-5.jpg\"><img loading=\"lazy\" decoding=\"async\" class=\"alignnone wp-image-54 aligncenter\" src=\"http:\/\/www.yoga-sophrologie-taichi.fr\/wp-content\/uploads\/2015\/06\/petite-separation-5.jpg\" alt=\"petite separation 5\" width=\"60\" height=\"50\" \/><\/a><\/p>\n<p align=\"left\">\n","protected":false},"excerpt":{"rendered":"<p>Principes Le paiement de la cotisation annuelle d\u2019adh\u00e9sion \u00e0 l\u2019association est obligatoire et est s\u00e9par\u00e9e du prix des cours. Chaque adh\u00e9rent s\u2019inscrit pour l\u2019ann\u00e9e \u00e0 un ou plusieurs cours. Un cours est constitu\u00e9 d&rsquo;une s\u00e9ance de 1h30 par semaine anim\u00e9 par un professeur de l&rsquo;association selon sa sp\u00e9cialit\u00e9 (Yoga, Sophrologie, Ta\u00ef Ji Quan ou de [&hellip;]<\/p>\n","protected":false},"author":2,"featured_media":0,"parent":0,"menu_order":0,"comment_status":"closed","ping_status":"closed","template":"template-fullwidth.php","meta":{"footnotes":""},"class_list":["post-18","page","type-page","status-publish","hentry","post-preview"],"_links":{"self":[{"href":"https:\/\/www.yoga-sophrologie-taichi.fr\/newindex.php\/wp-json\/wp\/v2\/pages\/18","targetHints":{"allow":["GET"]}}],"collection":[{"href":"https:\/\/www.yoga-sophrologie-taichi.fr\/newindex.php\/wp-json\/wp\/v2\/pages"}],"about":[{"href":"https:\/\/www.yoga-sophrologie-taichi.fr\/newindex.php\/wp-json\/wp\/v2\/types\/page"}],"author":[{"embeddable":true,"href":"https:\/\/www.yoga-sophrologie-taichi.fr\/newindex.php\/wp-json\/wp\/v2\/users\/2"}],"replies":[{"embeddable":true,"href":"https:\/\/www.yoga-sophrologie-taichi.fr\/newindex.php\/wp-json\/wp\/v2\/comments?post=18"}],"version-history":[{"count":32,"href":"https:\/\/www.yoga-sophrologie-taichi.fr\/newindex.php\/wp-json\/wp\/v2\/pages\/18\/revisions"}],"predecessor-version":[{"id":2378,"href":"https:\/\/www.yoga-sophrologie-taichi.fr\/newindex.php\/wp-json\/wp\/v2\/pages\/18\/revisions\/2378"}],"wp:attachment":[{"href":"https:\/\/www.yoga-sophrologie-taichi.fr\/newindex.php\/wp-json\/wp\/v2\/media?parent=18"}],"curies":[{"name":"wp","href":"https:\/\/api.w.org\/{rel}","templated":true}]}}