{"id":1608,"date":"2020-07-24T13:36:35","date_gmt":"2020-07-24T13:36:35","guid":{"rendered":"https:\/\/www.yoga-sophrologie-taichi.fr\/newindex.php\/?page_id=1608"},"modified":"2025-09-11T15:58:46","modified_gmt":"2025-09-11T15:58:46","slug":"horaires-de-rentree","status":"publish","type":"page","link":"https:\/\/www.yoga-sophrologie-taichi.fr\/newindex.php\/horaires-de-rentree\/","title":{"rendered":"Horaires et Salles 2025-2026"},"content":{"rendered":"\n<p>Nous utilisons les salles de la municipalit\u00e9 de Mont-Saint-Aignan:<\/p>\n\n\n\n<p>&#8211; Les salles \u00ab\u00a0parquet\u00a0\u00bb, \u00ab\u00a0gym\/danse\u00a0\u00bb, \u00ab\u00a0Salle jardin\u00a0\u00bb et \u00ab\u00a0Grande salle\u00a0\u00bb  se trouvent au <strong>Rexy<\/strong>, 31-33 rue Aroux, \u00e0 Mont-Saint-Aignan village. <br>&#8211; La salle des \u00ab\u00a0scouts\u00a0\u00bb se trouve \u00e0 la <strong>maison des Scouts<\/strong>, 1 chemin de la rue \u00e0 Mont-Saint-Aignan<br>&#8211; Le gymnase Camus se trouve rue Albert Camus \u00e0 Mont-Saint-Aignan<br>&#8211; Le gymnase St-Exup\u00e9ry se trouve Bd Maurice de Broglie \u00e0 Mont-Saint-Aignan<br>&#8211; Le gymnase Berthelot se trouve Chemin des Cottes \u00e0 Mont-Saint-Aignan<\/p>\n\n\n\n<p><a href=\"https:\/\/www.yoga-sophrologie-taichi.fr\/wp-content\/uploads\/2025\/09\/Affiche-Horaires-25-26-v1.pdf\" target=\"_blank\" rel=\"noreferrer noopener\">T\u00e9l\u00e9charger le planning des cours<\/a><\/p>\n\n\n\n<div class=\"wp-block-group alignfull\"><div class=\"wp-block-group__inner-container is-layout-constrained wp-block-group-is-layout-constrained\">\n<div class=\"wp-block-group\"><div class=\"wp-block-group__inner-container is-layout-constrained wp-block-group-is-layout-constrained\">\n<h2 class=\"wp-block-heading has-text-align-center\">Yoga<\/h2>\n<\/div><\/div>\n\n\n\n<div class=\"wp-block-group alignfull\"><div class=\"wp-block-group__inner-container is-layout-flow wp-block-group-is-layout-flow\">\n<div class=\"wp-block-group\"><div class=\"wp-block-group__inner-container is-layout-flow wp-block-group-is-layout-flow\">\n<div class=\"wp-block-group\"><div class=\"wp-block-group__inner-container is-layout-flow wp-block-group-is-layout-flow\">\n<figure class=\"wp-block-table is-style-stripes\"><table><thead><tr><th class=\"has-text-align-left\" data-align=\"left\">jour<\/th><th class=\"has-text-align-left\" data-align=\"left\">horaire<\/th><th class=\"has-text-align-left\" data-align=\"left\">professeur<\/th><th class=\"has-text-align-left\" data-align=\"left\">salle <\/th><th class=\"has-text-align-left\" data-align=\"left\">Nbr max<\/th><\/tr><\/thead><tbody><tr><td class=\"has-text-align-left\" data-align=\"left\">Lundi <\/td><td class=\"has-text-align-left\" data-align=\"left\">12:00-13:30 <\/td><td class=\"has-text-align-left\" data-align=\"left\">Joanne<\/td><td class=\"has-text-align-left\" data-align=\"left\">parquet<\/td><td class=\"has-text-align-left\" data-align=\"left\">12<\/td><\/tr><tr><td class=\"has-text-align-left\" data-align=\"left\">Lundi<\/td><td class=\"has-text-align-left\" data-align=\"left\">19:00-20:30<\/td><td class=\"has-text-align-left\" data-align=\"left\">St\u00e9phanie<\/td><td class=\"has-text-align-left\" data-align=\"left\">Scouts<\/td><td class=\"has-text-align-left\" data-align=\"left\">20<\/td><\/tr><tr><td class=\"has-text-align-left\" data-align=\"left\">Mardi<\/td><td class=\"has-text-align-left\" data-align=\"left\">09:00-10:30<\/td><td class=\"has-text-align-left\" data-align=\"left\">Joanne<\/td><td class=\"has-text-align-left\" data-align=\"left\">gym\/danse<\/td><td class=\"has-text-align-left\" data-align=\"left\">18<\/td><\/tr><tr><td class=\"has-text-align-left\" data-align=\"left\">Mardi<\/td><td class=\"has-text-align-left\" data-align=\"left\">10:30-12:00<\/td><td class=\"has-text-align-left\" data-align=\"left\">Joanne<\/td><td class=\"has-text-align-left\" data-align=\"left\">gym\/danse<\/td><td class=\"has-text-align-left\" data-align=\"left\">18<\/td><\/tr><tr><td class=\"has-text-align-left\" data-align=\"left\">Mardi<\/td><td class=\"has-text-align-left\" data-align=\"left\">14:00-15:30<\/td><td class=\"has-text-align-left\" data-align=\"left\">Joanne<\/td><td class=\"has-text-align-left\" data-align=\"left\">Grde salle<\/td><td class=\"has-text-align-left\" data-align=\"left\">25<\/td><\/tr><tr><td class=\"has-text-align-left\" data-align=\"left\">Mardi<\/td><td class=\"has-text-align-left\" data-align=\"left\">19:00-20:30<\/td><td class=\"has-text-align-left\" data-align=\"left\">Marie-H\u00e9l\u00e8ne<\/td><td class=\"has-text-align-left\" data-align=\"left\">Scouts<\/td><td class=\"has-text-align-left\" data-align=\"left\">20<\/td><\/tr><tr><td class=\"has-text-align-left\" data-align=\"left\">Mercredi <\/td><td class=\"has-text-align-left\" data-align=\"left\">09:00-10:30<\/td><td class=\"has-text-align-left\" data-align=\"left\">Joanne<\/td><td class=\"has-text-align-left\" data-align=\"left\">gym\/danse<\/td><td class=\"has-text-align-left\" data-align=\"left\">18<\/td><\/tr><tr><td class=\"has-text-align-left\" data-align=\"left\">Mercredi<\/td><td class=\"has-text-align-left\" data-align=\"left\">10:30-12:00<\/td><td class=\"has-text-align-left\" data-align=\"left\">Marie-Th\u00e9r\u00e8se<\/td><td class=\"has-text-align-left\" data-align=\"left\">Grde salle<\/td><td class=\"has-text-align-left\" data-align=\"left\">25<\/td><\/tr><tr><td class=\"has-text-align-left\" data-align=\"left\">Mercredi<\/td><td class=\"has-text-align-left\" data-align=\"left\">14:30-16:00<\/td><td class=\"has-text-align-left\" data-align=\"left\">Joanne<\/td><td class=\"has-text-align-left\" data-align=\"left\">Grde salle<\/td><td class=\"has-text-align-left\" data-align=\"left\">25<\/td><\/tr><tr><td class=\"has-text-align-left\" data-align=\"left\">Jeudi<\/td><td class=\"has-text-align-left\" data-align=\"left\">17:00-18h30<\/td><td class=\"has-text-align-left\" data-align=\"left\">St\u00e9phanie<\/td><td class=\"has-text-align-left\" data-align=\"left\">gym\/danse<\/td><td class=\"has-text-align-left\" data-align=\"left\">18<\/td><\/tr><tr><td class=\"has-text-align-left\" data-align=\"left\">Jeudi<\/td><td class=\"has-text-align-left\" data-align=\"left\">18:45-20:15<\/td><td class=\"has-text-align-left\" data-align=\"left\">St\u00e9phanie<\/td><td class=\"has-text-align-left\" data-align=\"left\">gym\/danse<\/td><td class=\"has-text-align-left\" data-align=\"left\">18<\/td><\/tr><tr><td class=\"has-text-align-left\" data-align=\"left\">Jeudi<\/td><td class=\"has-text-align-left\" data-align=\"left\">19:00-20:30<\/td><td class=\"has-text-align-left\" data-align=\"left\">Joanne<\/td><td class=\"has-text-align-left\" data-align=\"left\">Salle jardin<\/td><td class=\"has-text-align-left\" data-align=\"left\">25<\/td><\/tr><tr><td class=\"has-text-align-left\" data-align=\"left\">Vendredi<\/td><td class=\"has-text-align-left\" data-align=\"left\">09:00-10:30<\/td><td class=\"has-text-align-left\" data-align=\"left\">Joanne<\/td><td class=\"has-text-align-left\" data-align=\"left\">gym\/danse<\/td><td class=\"has-text-align-left\" data-align=\"left\">18<\/td><\/tr><\/tbody><\/table><figcaption class=\"wp-element-caption\">&#8212;<\/figcaption><\/figure>\n\n\n\n<p>(*): <em>sous r\u00e9serve de confirmation en sept. par le service des sports.<\/em><\/p>\n\n\n\n<h2 class=\"wp-block-heading has-text-align-center\">M\u00e9ditation &amp; Yoga<\/h2>\n\n\n\n<figure class=\"wp-block-table is-style-stripes\"><table><tbody><tr><td>Mercredi<\/td><td>19:15-20:45<\/td><td>Marie-Th\u00e9r\u00e8se<\/td><td>parquet <\/td><td>12<\/td><\/tr><\/tbody><\/table><figcaption class=\"wp-element-caption\">&#8212;<\/figcaption><\/figure>\n\n\n\n<h2 class=\"wp-block-heading has-text-align-center\">Sophrologie<\/h2>\n\n\n\n<figure class=\"wp-block-table is-style-stripes\"><table><tbody><tr><td>Mercredi<\/td><td>10:30-12:00<\/td><td>Sophie<\/td><td>gym\/danse<\/td><td>10<\/td><\/tr><\/tbody><\/table><figcaption class=\"wp-element-caption\">&#8212;<\/figcaption><\/figure>\n\n\n\n<p class=\"has-text-align-center\"><\/p>\n\n\n\n<div class=\"wp-block-columns is-layout-flex wp-container-core-columns-is-layout-9d6595d7 wp-block-columns-is-layout-flex\"><\/div>\n\n\n\n<h2 class=\"wp-block-heading has-text-align-center\">Ta\u00ef Ji<\/h2>\n\n\n\n<figure class=\"wp-block-table is-style-stripes\"><table><tbody><tr><td>Lundi<\/td><td>18:30-21:30 (*)<\/td><td>Pierre<\/td><td class=\"has-text-align-center\" data-align=\"center\">Berthelot<\/td><td class=\"has-text-align-center\" data-align=\"center\">30<\/td><\/tr><tr><td>Mercredi<\/td><td>20:15-21:45<\/td><td>Pierre <\/td><td class=\"has-text-align-center\" data-align=\"center\">St Exup\u00e9ry<\/td><td class=\"has-text-align-center\" data-align=\"center\">30<\/td><\/tr><tr><td>Jeudi<\/td><td>19:30-21:00<\/td><td>Sa\u00efd<\/td><td class=\"has-text-align-center\" data-align=\"center\">parquet<\/td><td class=\"has-text-align-center\" data-align=\"center\">12<\/td><\/tr><tr><td>Vendredi<\/td><td>18:30-20:00<\/td><td>Sylvie <\/td><td class=\"has-text-align-center\" data-align=\"center\">Camus<\/td><td class=\"has-text-align-center\" data-align=\"center\">30<\/td><\/tr><\/tbody><\/table><figcaption class=\"wp-element-caption\">&#8212;<\/figcaption><\/figure>\n\n\n\n<p>(*) <em>Le cours normal de 1h30 se prolonge pour les adh\u00e9rents souhaitant pratiquer la sp\u00e9cialit\u00e9 \u00ab\u00a0Ta\u00ef Ji Armes\u00a0\u00bb<\/em><\/p>\n\n\n\n<h2 class=\"wp-block-heading has-text-align-center\">Qi Gong<\/h2>\n\n\n\n<figure class=\"wp-block-table is-style-stripes\"><table><tbody><tr><td><\/td><td>mercredi<\/td><td>17:30-19:00<\/td><td>Sa\u00efd  <\/td><td>Gym\/danse<\/td><td>16 <\/td><\/tr><tr><td><\/td><td>Jeudi<\/td><td>18:00-19:30<\/td><td>Sa\u00efd<\/td><td>parquet<\/td><td>12 <\/td><\/tr><\/tbody><\/table><figcaption class=\"wp-element-caption\">&#8212;<\/figcaption><\/figure>\n<\/div><\/div>\n<\/div><\/div>\n\n\n\n<p><\/p>\n<\/div><\/div>\n<\/div><\/div>\n\n\n\n<p><\/p>\n","protected":false},"excerpt":{"rendered":"<p>Nous utilisons les salles de la municipalit\u00e9 de Mont-Saint-Aignan: &#8211; Les salles \u00ab\u00a0parquet\u00a0\u00bb, \u00ab\u00a0gym\/danse\u00a0\u00bb, \u00ab\u00a0Salle jardin\u00a0\u00bb et \u00ab\u00a0Grande salle\u00a0\u00bb se trouvent au Rexy, 31-33 rue Aroux, \u00e0 Mont-Saint-Aignan village. &#8211; La salle des \u00ab\u00a0scouts\u00a0\u00bb se trouve \u00e0 la maison des Scouts, 1 chemin de la rue \u00e0 Mont-Saint-Aignan&#8211; Le gymnase Camus se trouve rue Albert [&hellip;]<\/p>\n","protected":false},"author":2,"featured_media":0,"parent":0,"menu_order":0,"comment_status":"closed","ping_status":"closed","template":"template-fullwidth.php","meta":{"footnotes":""},"class_list":["post-1608","page","type-page","status-publish","hentry","post-preview"],"_links":{"self":[{"href":"https:\/\/www.yoga-sophrologie-taichi.fr\/newindex.php\/wp-json\/wp\/v2\/pages\/1608","targetHints":{"allow":["GET"]}}],"collection":[{"href":"https:\/\/www.yoga-sophrologie-taichi.fr\/newindex.php\/wp-json\/wp\/v2\/pages"}],"about":[{"href":"https:\/\/www.yoga-sophrologie-taichi.fr\/newindex.php\/wp-json\/wp\/v2\/types\/page"}],"author":[{"embeddable":true,"href":"https:\/\/www.yoga-sophrologie-taichi.fr\/newindex.php\/wp-json\/wp\/v2\/users\/2"}],"replies":[{"embeddable":true,"href":"https:\/\/www.yoga-sophrologie-taichi.fr\/newindex.php\/wp-json\/wp\/v2\/comments?post=1608"}],"version-history":[{"count":83,"href":"https:\/\/www.yoga-sophrologie-taichi.fr\/newindex.php\/wp-json\/wp\/v2\/pages\/1608\/revisions"}],"predecessor-version":[{"id":2944,"href":"https:\/\/www.yoga-sophrologie-taichi.fr\/newindex.php\/wp-json\/wp\/v2\/pages\/1608\/revisions\/2944"}],"wp:attachment":[{"href":"https:\/\/www.yoga-sophrologie-taichi.fr\/newindex.php\/wp-json\/wp\/v2\/media?parent=1608"}],"curies":[{"name":"wp","href":"https:\/\/api.w.org\/{rel}","templated":true}]}}